et p(f) be the second derivative of f**3/6 - f**2/2 - 6*f - 3. Give p(t).
0
Suppose -105 - 129 - 72 = -51*y. Let t be (0 - 0)/(2 + -1). Let d(x) = 3*x**2 + t*x**2 - 6 - x**2 - y*x - x**2. Give d(6).
-6
Let l(i) be the second derivative of i**5/20 + i**4/3 + 2*i**3/3 + 13*i**2/2 + 1204*i + 3. What is l(-4)?
-3
Let l = 310 - 309. Let b(r) be the third derivative of r**9/8640 + r**7/2520 - r**6/720 - r**5/6 + 13*r**2. Let z(j) be the third derivative of b(j). Give z(l).
8
Let m = 10 + -33. Let n = m + 28. Let q(w) be the second derivative of -w**5/20 + w**4/2 - 5*w**3/6 + 3*w**2/2 - 44*w. Calculate q(n).
3
Let l(p) = p - 11. Suppose q = 2*w + 170, 0 = -5*w + 5*q + 142 - 562. Let d = -41 - w. Suppose 2*i = 7*i - d. Determine l(i).
-2
Let u(r) be the first derivative of -r**4/4 - 10*r**3/3 - 11*r**2/2 + 2*r - 2268. Let h(g) = -g**2 + 2*g + 7. Let i be h(-3). Calculate u(i).
-38
Let c(m) = 2 + 2*m + 0*m + 3. Let s be ((-7)/4)/7 - 11/(-44). Suppose 3*u + s*u = -3*a + 6, u = -4*a + 17. Determine c(a).
15
Let z(g) = g - 7. Let b be 2/(3 - 7)*10 - -5. Suppose -2*u + 8 = 2*q, u + b*u + 2*q - 2 = 0. What is z(u)?
-1
Let f(h) = 26102 - 52215 - 4*h + 26097. Give f(18).
-88
Let u(i) = -8*i - 4. Suppose 3*h - 10 = 5*x, -3*x + 12 - 18 = 5*h. Suppose -20*m - 84 + 44 = h. Give u(m).
12
Let f(o) be the second derivative of 16*o + 1/6*o**3 + 0 + 0*o**2. What is f(6)?
6
Suppose 39 = -4*u - 4*s + 51, -u + 2*s = 6. Let k(h) = 4*h + 2 - 2*h + u*h - 14*h. Determine k(1).
-10
Let x(s) = s**3 + 182*s**2 - 5*s - 913. Let b be x(-182). Let v(a) be the third derivative of a**5/30 + a**4/8 - a**3/3 - a**2. Determine v(b).
7
Let k be 30*((-68)/20 - -3). Let y(d) = 59*d**2 - 10*d - 13 - 36*d**2 + 28 - 24*d**2. Give y(k).
-9
Let x(h) = 2*h**3 - 19*h**2 - 49*h + 2. Let m(w) = w**3 - 9*w**2 - 24*w + 1. Let g(f) = -13*m(f) + 6*x(f). Let c be g(-3). Let b(n) = 5*n. Calculate b(c).
-5
Let v(x) be the first derivative of 5*x**3/3 - 15*x**2/2 - 20*x - 2821. Give v(4).
0
Suppose -4*w = 3*p - 50, -8 = 4*p - 0. Let v(r) = -1 + w*r**3 + 6*r**3 - 10*r**3 + 2*r. What is v(1)?
11
Let w(g) = 25 + g**2 + 2113*g - 4222*g + 2120*g. Give w(-4).
-3
Let g(o) be the second derivative of -o**5/20 + o**4/12 - o. Let s = 31409 + -31408. Calculate g(s).
0
Suppose -32*f - 94 = 2*f + 110. Let k(g) = 2*g**2 + 3*g + 15. Calculate k(f).
69
Let o(h) = 6*h**3 + h**2 + 1. Suppose -28*m = 36*m + 43*m - 107. What is o(m)?
8
Let f be -1*7*20/4. Let g = f - -95. Let t be (-15)/g - 15/4. Let w(c) = c**3 + 5*c**2 + 5. Give w(t).
21
Let s(w) = -7*w**2 + 49. Let f(q) = 20*q**2 - q - 146. Let d(k) = -6*f(k) - 17*s(k). Let x be d(10). Let m(v) = v**3 - 2*v**2 + 2*v - 4. Give m(x).
11
Let h be 16/(-1) - (0 - -1). Let u(d) = -17*d - d**2 - 14664036 + 14664036. Give u(h).
0
Let u(o) = o**3 - 9*o**2 + 12*o + 11. Let g be u(7). Let d be (g + 12/4)/(-2). Let t(r) = r**2 - r + 2. Give t(d).
2
Let u(y) = 6*y**2 - 3*y - 9. Let v(f) = 26*f**2 - 15*f - 39. Let w(s) = 9*u(s) - 2*v(s). Give w(-3).
6
Let c = 115 - 111. Suppose 9*s + 40 = -5*h + 4*s, -h + 3*s = c. Let n(j) = j**2 + 9*j + 10. Calculate n(h).
-4
Suppose -v + 3*m + 12 = -4*v, 4*m = -2*v - 16. Let x = -2 - v. Let c(a) be the second derivative of a**4/6 + a**3/6 + 2*a + 9. What is c(x)?
6
Let u(r) = 4*r**2 + 36*r + 17. Let v(a) = 9*a**2 + 80*a + 36. Let x(d) = -5*u(d) + 2*v(d). Determine x(-10).
-13
Let l(z) = -39*z + 44*z - 567 + 585. Calculate l(-7).
-17
Let y(i) = -16*i**2 + i + 2. Let p = 25 - 32. Let m(t) be the first derivative of -11*t**3 + t**2 + 5*t + 30. Let g(l) = p*y(l) + 3*m(l). What is g(1)?
13
Let p = -398 - -406. Let k(i) = 4*i - 14. Let z(n) = -11*n + 45. Let l(f) = p*k(f) + 3*z(f). Give l(11).
12
Let p(t) be the third derivative of t**5/20 - t**4/12 - t**3 + 1330*t**2 + 1. Give p(-5).
79
Let w = -27 + 21. Let s(q) be the first derivative of q**4/4 + 5*q**3/3 - 2*q**2 - 6*q + 1717. What is s(w)?
-18
Let c(u) = -u**2 - 3*u + 4. Let w = 25 + -153. Suppose 68*z + 137*z + 820 = 0. Let i be (6/z)/((-48)/w). Calculate c(i).
0
Let a be (-49)/(-14) - (-30)/20. Let q(d) = d**3 - 11*d**2 - 2*d + 4. Let s(b) = -b**2 + b. Let i(l) = -q(l) + 6*s(l). Calculate i(a).
36
Suppose -13*h + 18*h - 30 = 0. Let w(x) = x - 1. Let f(l) be the third derivative of -l**4/6 + 5*l**3/6 + 6*l**2. Let t(c) = h*f(c) + 26*w(c). What is t(-6)?
-8
Let g = 9 + -13. Let c(w) be the third derivative of w**5/30 - w**3/3 - 26*w**2. Let t(x) = -3*x**2 + 2*x + 5. Let r(h) = 5*c(h) + 3*t(h). Determine r(g).
-3
Let l(o) = -o**2 + o - 6. Let a(y) = 2*y - 9. Let i(x) = 3*x - 11. Let q(z) = 2*a(z) - 3*i(z). Let n be q(3). What is l(n)?
-6
Let g(s) be the second derivative of -3*s**2/2 + 22*s + 1. Let l(h) = -10*h - 2. Let t(w) = g(w) - l(w). What is t(-1)?
-11
Let u(w) be the first derivative of w**4/12 + w**3/2 + 5*w**2 - 113*w + 175. Let f(g) be the first derivative of u(g). Give f(-4).
14
Let j(g) = g**2 + 6*g + 2. Let d = 353 + -356. Let y be d/(-9) - 133/21. Give j(y).
2
Suppose -a + 15 = 3. Let k(m) be the second derivative of -m**4/12 + 13*m**3/6 + m**2/2 + 7*m - 997. Give k(a).
13
Let p = 3599 - 3599. Let x(o) = -10*o - 8. What is x(p)?
-8
Suppose -68*p - 1710 = -71*p. Let w = -557 + p. Let o(r) = r - 19. Determine o(w).
-6
Let r(z) = -5*z + 13. Let w be r(2). Let u(j) = 11 + 10 - 26 + 5*j + 2*j**2 - w*j**2. Let g be -1 + (-4)/(12/(-15)). Determine u(g).
-1
Let y(o) be the first derivative of o**5/60 + o**4/24 - o**3/6 - 45*o**2 + 136. Let b(z) be the second derivative of y(z). Determine b(3).
11
Let d be -3*(-2)/36 - 87/(-18). Let j be (-334)/(-6) - ((-5)/3)/d. Let r(i) = 116 + i**2 - 59 - j - 3*i. Determine r(2).
-1
Let s(n) = -3*n**3 - 4*n**2 - 9*n - 3. Let l(t) = -17*t**3 - 21*t**2 - 46*t - 14. Let x(p) = -2*l(p) + 11*s(p). Determine x(-2).
-7
Let i(a) = 18*a - 38. Suppose -85*p + 26 = 4*r - 83*p, 0 = r + p - 7. Give i(r).
70
Let j(h) = h**3 - 1. Let l(v) = 5*v**2 - 2*v - 3. Let q(f) = -j(f) - l(f). Suppose 334*b - 340*b + 570 = 0. Let r = b + -100. What is q(r)?
-6
Let h(c) be the second derivative of -2 + 1/5*c**5 - 1/4*c**4 + 1/3*c**3 + 1/2*c**2 - 27*c. What is h(2)?
25
Let b = 506 - 505. Let w(q) be the first derivative of -5*q**4/4 - 2*q**3/3 + q**2 - q - 15. Determine w(b).
-6
Let x(c) = -c**3 + 14*c**2 + 17*c - 18. Let l be x(15). Suppose l = 2*r - 5*v, -2*r - 3*r = 5*v - 30. Let b(u) = 335*u - 664*u + 7 + 328*u. What is b(r)?
1
Let q(z) = 138*z - 213. Let x(a) = 313*a - 422. Let t(o) = 9*q(o) - 4*x(o). Calculate t(-24).
11
Let j be ((-3)/10)/((-12)/120). Let l(n) = 64*n**3 - 131*n**3 + 62*n**j + 1. Calculate l(-1).
6
Suppose -4*d - 1247*d = -89*d + 2324. Let f(r) = 10*r - 1. Let z(o) = 9*o - 2. Let k(l) = 3*f(l) - 2*z(l). What is k(d)?
-23
Let v(a) = 5*a + 2. Let c(w) = -6*w - 3. Let t(y) = 4*c(y) + 5*v(y). Let d = -693 - -699. Let n be -1*d + -8 + (-98)/(-7). Give t(n).
-2
Let g(i) = 16*i + 1. Suppose 34*s - 13104 = -8*s. Suppose -s*q = -306*q + 6. Give g(q).
-15
Suppose 169*f - 116*f = -212. Let g(d) be the second derivative of -d**4/12 - 7*d**3/6 - 3*d**2 - 2*d. Give g(f).
6
Let a(z) = 98*z + 8 + 5*z + 14 - 102*z + z**3. Determine a(0).
22
Let o(y) = 2*y**3 - 7*y**2 + 2*y - 9. Let g be (((-8)/(-8))/(-1))/(2*7/(-42)). Calculate o(g).
-12
Let u(l) be the third derivative of -l**5/30 - 11*l**4/24 + l**3/6 - 11*l**2 - 52. Determine u(-4).
13
Let w(p) = 94*p + 124. Let b(r) = 123*r + 123. Let q(c) = -4*b(c) + 5*w(c). Calculate q(6).
-4
Let a(c) be the first derivative of -c**3/3 + 5*c**2/2 + 8*c - 8951. Suppose -p + 9*m - 5 = 4*m, -4*m + 33 = 5*p. What is a(p)?
8
Suppose 0 = -3*i - 0*i - 21. Let l(u) = u**2 - 6*u + 22. Let h(x) = 3*x - 7. Let r(q) = -4*h(q) - l(q). Calculate r(i).
-1
Let y = -369 + 385. Let f(t) = t**2 - 19*t + 46. Calculate f(y).
-2
Suppose 0 = -2*r + 2*b + 10, 4*b = -62*r + 64*r - 4. Let j(m) be the first derivative of r*m + 1/3*m**3 + 5*m**2 + 17. Determine j(-8).
-8
Suppose -4*f - f - 5*l = -80, -3*l - 48 = -5*f. Suppose 12 = 2*s - g, -2*g = -2*s + 4 + f. Let h(v) = 5*v + 0*v - s*v - 4*v. Determine h(1).
-3
Let z(i) = 8644*i**2 - 26 - 18 - 8645*i**2 + 9*i + 10*i - 10. Calculate z(16).
-6
Let p(s) = 55*s - 5018*s**3 - 64*s + 5019*s**3 - 10*s**2 - 8. What is p(10)?
-98
Suppose 4*a - 3*m = -30, -2*a - 9 = -3*a - 2*m. Let z(n) be the first derivative of n**4/4 + n